p + 1. Is r(-1) composite?
True
Let n(l) = -l**3 - 3*l**2 + 3*l. Suppose -2*o - 3 = 7. Is n(o) composite?
True
Let z(o) = -o**2 - o + 5. Let w be z(-4). Let i = 20 - w. Suppose -4*f + i = -f. Is f composite?
True
Let v = -6 - -9. Suppose v*g = -3*c + 111 + 462, 0 = -2*g. Is c a prime number?
True
Is ((-596)/(-8))/((-3)/(-6)) a composite number?
False
Let y = -5 - -2. Let j(x) = -6*x**2 - 13*x + 7. Let u(l) = 3*l**2 + 7*l - 4. Let d(p) = y*j(p) - 5*u(p). Is d(6) a prime number?
True
Suppose 5*i - 2571 - 1244 = 0. Is i composite?
True
Let u be (-2)/(-12)*34*15. Suppose 3*c + 5*y = 223 + 64, -c + y = -u. Is c a composite number?
False
Let m be 8/20 + (-231)/15. Suppose 0 = -5*z - 10 - 30. Let g = z - m. Is g a prime number?
True
Let j(z) = 539*z - 11. Is j(2) prime?
False
Suppose -4*f + 4464 = 5*m + 807, 4*m - 917 = -f. Is f composite?
True
Let z(l) = 3*l**3 - 12*l**2 + 9*l + 11. Is z(8) a prime number?
False
Let c = -60 + 86. Is 1*159 - c/(-13) prime?
False
Let o be ((-3)/(-2))/(6/(-12)). Let q = -3 - o. Suppose 3*a = 2*p + 334 + 163, q = 5*a + p - 811. Is a prime?
True
Suppose 4*u - 5*n = 0, -n - 2*n = 4*u. Suppose -k - 3*k + 88 = u. Is k a prime number?
False
Let s = -1 - -4. Let m(i) = -3 - s + 8*i + 4. Is m(6) composite?
True
Let d(v) = 7*v**2 - 4*v - 1. Is d(-5) a composite number?
True
Let n = 1 - 1. Suppose 12 = 2*r - n. Is r/9*3 + 5 a prime number?
True
Let l = 435 - 204. Suppose -l = -3*c + 150. Is c composite?
False
Let h(w) = w**2 + 2*w - 5. Let i be h(5). Suppose -b - b = -i. Let q = 37 - b. Is q a prime number?
False
Let j be 24/(-14) + (-10)/35. Let u = -106 + 49. Let l = j - u. Is l prime?
False
Let h = 221 + -134. Is h composite?
True
Let r(p) be the third derivative of p**4/6 + p**3/6 + p**2. Let v be ((-4)/(-12))/((-4)/(-108)). Is r(v) a prime number?
True
Suppose 0 = -2*k + f + 442, k = 4*k + 4*f - 652. Suppose 5*x = 3*b + k, -5*x - 7*b + 250 = -4*b. Let a = 84 - x. Is a a prime number?
True
Let k(n) = -n**3 - 2*n**2 + 3*n + 6. Let t be k(-4). Suppose -3*f + 5 = u - 0*u, -u + 4*f + t = 0. Is u a composite number?
True
Suppose -r - 1 = -k, -3*k = 3*r - 0*k + 21. Suppose -6*c + 2*c = -28. Let g = r + c. Is g a composite number?
False
Is 3/(-4) - (-780)/(-32)*-26 prime?
False
Suppose 11*i - 76 = 7*i. Is i a composite number?
False
Let y = -2 - 2. Let o be 142/(-10) + 3/15. Let t = y - o. Is t composite?
True
Let i(r) = -r**3 + 6*r**2 + 2. Let f be i(6). Suppose s - f*v - 214 = -3*s, 0 = -v - 1. Is s composite?
False
Suppose 3*o = -0*o + 1938. Suppose r + 3*v - o = -3*r, -r - v = -161. Is r prime?
True
Suppose y + 7*f - 4*f = 37, 2*y = -f + 59. Suppose -y = -5*q - 4*m, m = 3*q - 0 - 10. Suppose -2*v + 34 + q = 0. Is v prime?
True
Suppose 4*w = -t + 6619, -2*t = 8 - 14. Is w a prime number?
False
Let o(h) = -5*h. Let p be o(-1). Suppose -p*w = 3 + 17, -2*k + 458 = -3*w. Is k composite?
False
Let p = -2 + 2. Let w = p - -8. Is 1/(-2) + 620/w a prime number?
False
Let b be (-1629)/2 + 4/(-8). Let k = -496 - b. Is k a prime number?
False
Let f(k) = 7*k - 1. Suppose -2*j + 4*j + 4 = 0. Let r be f(j). Let q = 94 + r. Is q composite?
False
Let v(s) = 2*s - 10. Let d be v(7). Suppose 0 = d*m - 2*b - 8, 3*b + 1 + 9 = 4*m. Is 10/2*3*m prime?
False
Let i(x) = x**3 - 5*x**2 + 4*x - 1. Let c be i(4). Let d(v) = -81*v**3 + v**2. Is d(c) composite?
True
Suppose -158 = -2*l - y, 3*y + 288 = 4*l - 28. Is l prime?
True
Let h = 515 + 698. Is h composite?
False
Suppose -25 = -5*o + 3*f - 5*f, -o = 4*f - 23. Let t be (0 - (-2)/(-4))*-84. Suppose -4*l + 2 - 18 = 0, -t = -o*p + 3*l. Is p prime?
False
Let k(q) = 6*q**2 - 9*q - 4. Let o(f) = -4*f**2 + 6*f + 3. Let z(n) = -5*k(n) - 8*o(n). Is z(-3) a prime number?
True
Let k be (1*18)/(6/(-15)). Let d be 170*3*(-6)/k. Suppose -2*p = -0*p - d. Is p a composite number?
True
Suppose 2*w - 1237 = 325. Is w composite?
True
Let l = 886 + -477. Is l prime?
True
Suppose -1 - 19 = -5*z, 4*p - 4*z - 1032 = 0. Is p a composite number?
True
Is -4 - 4/(-1) - -95 prime?
False
Suppose -v - 28 = -2*r - 4*v, 20 = 2*r - v. Let n = r + -7. Suppose 0 = -4*t - 0*t - 3*z + 325, 12 = n*z. Is t prime?
True
Let x = 360 - -758. Suppose 5*s - x = -4*h, 5*h - 1418 = -0*h + 4*s. Is h/8 - 1/4 composite?
True
Let u(l) = -38*l - 1. Let d be u(-1). Suppose 0 = 5*m - d - 38. Let r = -5 + m. Is r a prime number?
False
Let v(a) = 133*a - 7. Is v(2) a composite number?
True
Suppose c - 3*c = -10. Let a(k) = 2*k**2 - 2*k - 6. Is a(c) prime?
False
Suppose 2 = -j, 2*k - 5*k - 205 = -j. Let y = -32 - k. Is y a composite number?
False
Let h = 11 + -8. Suppose 0 = 3*k + 10 + 5, 0 = h*t - 2*k - 67. Is t composite?
False
Let o(l) = 2*l**2 - 7*l + 4. Let t be o(4). Let z = -5 + t. Suppose -257 = -z*h - 2*i, h + 2*i - 56 = 23. Is h prime?
True
Suppose -545 = -5*n + 4*t, -81 - 28 = -n - 2*t. Is n a composite number?
False
Let u(l) = 2*l + 4. Let s be u(-4). Let h = 5 - 9. Is h/(s/9) + 1 a prime number?
False
Let d = 40 + -34. Is d a composite number?
True
Is 3/(-4)*(-50 - 2) a prime number?
False
Let c = -25 + 164. Is c composite?
False
Let c(f) = f**3 - f**2 - 7*f + 4. Is c(5) a composite number?
True
Suppose 4*f - 3*o = o + 1060, o = 0. Suppose -2*q = -3*q + f. Is q a prime number?
False
Suppose -101*w + 97*w + 1412 = 0. Is w a composite number?
False
Is 8/6*(-204)/(-8) a composite number?
True
Let l(y) = 2*y - 1. Let d be l(3). Suppose 0 = 5*k - 5*i, 3*k = d*k + 4*i. Is ((-7)/(-4) - k)*20 composite?
True
Let u = -38 - -71. Is u composite?
True
Suppose 10*c + 3604 = 14*c. Is c prime?
False
Suppose 3*v = v + 6. Suppose 371 = v*a - 2*o, -244 = -2*a - o - o. Is a prime?
False
Let k = 1423 + -726. Is k a composite number?
True
Is ((-1688)/(-12))/(2/3) a composite number?
False
Suppose -5731 = -2*s - 9*s. Is s a composite number?
False
Let c(s) = 21*s**2 + 9*s - 1. Is c(-5) a prime number?
True
Let c = -7 + 11. Is 1 - 0 - c*-73 composite?
False
Let j(u) = -u**3 + 5*u + 4. Let v be j(-2). Let q(h) be the first derivative of 15*h**3 + h**2 + h - 1. Is q(v) prime?
False
Let p = 129 - 62. Is p composite?
False
Is 2 + 2 - 460/(-4) a prime number?
False
Let t(z) = -102*z - 8. Is t(-3) prime?
False
Suppose -3*z + 4*t + 886 = 3*t, z + 3*t - 282 = 0. Let p = z - 149. Is p a prime number?
False
Let m(a) be the third derivative of 7*a**6/720 - 7*a**5/120 + a**4/24 - a**2. Let b(i) be the second derivative of m(i). Is b(6) composite?
True
Let i(b) = -b**3 + 8*b**2 - 6*b - 7. Let g be i(7). Suppose g = 5*m + 2*f + 3038, 7 = -2*f - 1. Is m/(-24) + 2/(-8) prime?
False
Let y be 5/((-15)/(-9)) - 2. Let r be (0/(1 + 1))/y. Suppose -4*s - d + 112 = -5*d, -5*s - 3*d + 180 = r. Is s a composite number?
True
Suppose 18*w = 15*w + 6537. Is w prime?
True
Let r = -638 + 945. Let m = 581 - r. Is m a composite number?
True
Suppose -30 = -4*r - 5*j + 58, -4*j = -3*r + 35. Let t = -9 + r. Is (t/(-12))/((-2)/147) a composite number?
True
Suppose -2*a - 6 = 0, -3*a = 4*p - 2*p - 1. Suppose 3*d = -i + 61, -2*d = p*i - 0*i - 318. Suppose -2*w + i = 4*g, 2*g - 2*w - 5 = 15. Is g prime?
False
Let j(i) = -2*i. Let r be j(-1). Is 5/r - (-5)/10 composite?
False
Let r be (-90)/12 + (-2)/(-4). Is r/(-2)*2*7 a prime number?
False
Let i(l) = -l**3 - 4*l**2 - 3*l + 4. Let v be i(-3). Let t = v - 1. Suppose -5*a + 42 = -t*a. Is a a prime number?
False
Let f(j) = -336*j + 17. Is f(-12) prime?
True
Let t(g) = -g - 2. Let v(x) = -2*x + 4. Let k be v(3). Let f be t(k). Suppose f*p - p + 37 = 0. Is p prime?
True
Let c(h) = -h**3 + 10*h**2 - 8*h - 7. Let v be c(9). Suppose 0 = -3*m - 1 - v. Is 0 - m/(3/129) a composite number?
False
Let x(d) = d**3 - 28*d**2 - 39*d + 67. Is x(30) a composite number?
True
Suppose -g + 43 = 5*a, -37 = 5*g + a - 300. Is g a prime number?
True
Let i(q) = 77*q + 10. Is i(1) composite?
True
Let s(b) = 17*b**2 + 10*b + 7. Let x be s(9). Suppose 5*y - 2871 - x = 0. Is y a prime number?
False
Let z = 169 - 80. Is z a prime number?
True
Let d = 15 - 11. Is 6/d + (-309)/(-6) a composite number?
False
Let d(w) = -w**3 + 12*w**2 - 11*w + 4. Let j be d(12). Let b = j + 186. Is b prime?
False
Let l = -19 - -34. Suppose 4*s + 8 = -t - 5, -3*s - l = -t. Is 0 - (-2)/(s/(-382)) composite?
False
Let z(r) = r - 3. Let j be z(4). Is (j/2)/(10/1100) prime?
False
Let f = 1524 + -1075. Is f 